{"id":51,"date":"2014-06-01T13:19:47","date_gmt":"2014-06-01T11:19:47","guid":{"rendered":"http:\/\/www.sjr-offenbach.de\/?page_id=51"},"modified":"2014-09-03T13:23:19","modified_gmt":"2014-09-03T11:23:19","slug":"juleica","status":"publish","type":"page","link":"http:\/\/www.sjr-offenbach.de\/?page_id=51","title":{"rendered":"JuLeiCa"},"content":{"rendered":"<p>Die Jugendleiter\/In-Card (Juleica) ist der bundesweit einheitliche Ausweis f\u00fcr ehrenamtliche Mitarbeiter-innen in der Jugendarbeit. Sie dient zur Legitimation und als Qualifikationsnachweis der Inhaber-innen.<\/p>\n<p>Zus\u00e4tzlich soll die Juleica auch die gesellschaftliche Anerkennung f\u00fcr das ehrenamtliche Engagement zum Ausdruck bringen.<\/p>\n<p>(Fast) alle notwendigen Informationen zur Juleica, zu Voraussetzungen der Beantragung, das Wie des Online-Antrags gibt es direkt auf <a title=\"www.juleica.de\" href=\"http:\/\/www.juleica.de\" target=\"_blank\">www.juleica.de<\/a>.\u00a0 F\u00fcr eine relevante Frage, \u00fcber die es dort keine Auskunft gibt, k\u00f6nnen wir die Antwort geben. Sie betrifft<\/p>\n<p>Jugendverb\u00e4nde ohne Dachverband auf Landes- oder Bundesebene<\/p>\n<p>Solche werden laut Ziffer 1.3.4 des Tr\u00e4gerleitfadens zur Juleica vom zust\u00e4ndigen \u00d6ffentlichen Tr\u00e4ger (hier: Jugendamt der Stadt Offenbach) erfasst.<\/p>\n","protected":false},"excerpt":{"rendered":"<p>Die Jugendleiter\/In-Card (Juleica) ist der bundesweit einheitliche Ausweis f\u00fcr ehrenamtliche Mitarbeiter-innen in der Jugendarbeit. Sie dient zur Legitimation und als Qualifikationsnachweis der Inhaber-innen. Zus\u00e4tzlich soll die Juleica auch die gesellschaftliche Anerkennung f\u00fcr das ehrenamtliche Engagement zum Ausdruck bringen. (Fast) alle notwendigen Informationen zur Juleica, zu Voraussetzungen der Beantragung, das Wie des Online-Antrags gibt es direkt [&hellip;]<\/p>\n","protected":false},"author":1,"featured_media":8098,"parent":0,"menu_order":0,"comment_status":"open","ping_status":"open","template":"","meta":{"_acf_changed":false,"ngg_post_thumbnail":0,"footnotes":""},"acf":[],"jetpack_sharing_enabled":true,"_links":{"self":[{"href":"http:\/\/www.sjr-offenbach.de\/index.php?rest_route=\/wp\/v2\/pages\/51"}],"collection":[{"href":"http:\/\/www.sjr-offenbach.de\/index.php?rest_route=\/wp\/v2\/pages"}],"about":[{"href":"http:\/\/www.sjr-offenbach.de\/index.php?rest_route=\/wp\/v2\/types\/page"}],"author":[{"embeddable":true,"href":"http:\/\/www.sjr-offenbach.de\/index.php?rest_route=\/wp\/v2\/users\/1"}],"replies":[{"embeddable":true,"href":"http:\/\/www.sjr-offenbach.de\/index.php?rest_route=%2Fwp%2Fv2%2Fcomments&post=51"}],"version-history":[{"count":4,"href":"http:\/\/www.sjr-offenbach.de\/index.php?rest_route=\/wp\/v2\/pages\/51\/revisions"}],"predecessor-version":[{"id":11525,"href":"http:\/\/www.sjr-offenbach.de\/index.php?rest_route=\/wp\/v2\/pages\/51\/revisions\/11525"}],"wp:featuredmedia":[{"embeddable":true,"href":"http:\/\/www.sjr-offenbach.de\/index.php?rest_route=\/wp\/v2\/media\/8098"}],"wp:attachment":[{"href":"http:\/\/www.sjr-offenbach.de\/index.php?rest_route=%2Fwp%2Fv2%2Fmedia&parent=51"}],"curies":[{"name":"wp","href":"https:\/\/api.w.org\/{rel}","templated":true}]}}